{"id":119,"date":"2023-03-31T12:12:40","date_gmt":"2023-03-31T12:12:40","guid":{"rendered":"https:\/\/stadtkapelle-gammertingen.de\/?page_id=119"},"modified":"2024-11-21T12:27:19","modified_gmt":"2024-11-21T12:27:19","slug":"aktive","status":"publish","type":"page","link":"https:\/\/stadtkapelle-gammertingen.de\/?page_id=119","title":{"rendered":"Aktive"},"content":{"rendered":"\n<hr class=\"wp-block-separator has-alpha-channel-opacity\"\/>\n\n\n\n<div class=\"wp-block-columns is-layout-flex wp-container-core-columns-is-layout-9d6595d7 wp-block-columns-is-layout-flex\">\n<div class=\"wp-block-column is-layout-flow wp-block-column-is-layout-flow\" style=\"flex-basis:100%\">\n<div class=\"wp-block-columns is-layout-flex wp-container-core-columns-is-layout-9d6595d7 wp-block-columns-is-layout-flex\">\n<div class=\"wp-block-column is-layout-flow wp-block-column-is-layout-flow\">\n<p><strong>Dirigent<\/strong> I <a href=\"https:\/\/stadtkapelle-gammertingen.de\/wp-content\/uploads\/2023\/04\/b3ea7263-133d-44fc-916e-5542389dfc44.jpg\">Thomas Zacharias<\/a><\/p>\n<\/div>\n\n\n\n<div class=\"wp-block-column is-layout-flow wp-block-column-is-layout-flow\">\n<p><strong>Fahnentr\u00e4ger<\/strong> I Jens Straubinger <\/p>\n<\/div>\n<\/div>\n\n\n\n<div class=\"wp-block-columns is-layout-flex wp-container-core-columns-is-layout-9d6595d7 wp-block-columns-is-layout-flex\">\n<div class=\"wp-block-column is-layout-flow wp-block-column-is-layout-flow\">\n<p><a href=\"https:\/\/stadtkapelle-gammertingen.de\/?page_id=1026\">Querfl\u00f6te<\/a><\/p>\n<\/div>\n\n\n\n<div class=\"wp-block-column is-layout-flow wp-block-column-is-layout-flow\">\n<p><a href=\"https:\/\/stadtkapelle-gammertingen.de\/?page_id=1028\" data-type=\"page\" data-id=\"1028\">Klarinette I Oboe<\/a><\/p>\n<\/div>\n\n\n\n<div class=\"wp-block-column is-layout-flow wp-block-column-is-layout-flow\">\n<p><a href=\"https:\/\/stadtkapelle-gammertingen.de\/?page_id=1044\">Saxophon<\/a><\/p>\n<\/div>\n<\/div>\n\n\n\n<div class=\"wp-block-columns is-layout-flex wp-container-core-columns-is-layout-9d6595d7 wp-block-columns-is-layout-flex\">\n<div class=\"wp-block-column is-layout-flow wp-block-column-is-layout-flow\">\n<p><a href=\"https:\/\/stadtkapelle-gammertingen.de\/?page_id=1031\">Fl\u00fcgelhorn<\/a><\/p>\n<\/div>\n\n\n\n<div class=\"wp-block-column is-layout-flow wp-block-column-is-layout-flow\">\n<p><a href=\"https:\/\/stadtkapelle-gammertingen.de\/?page_id=1035\">Trompete<\/a><\/p>\n<\/div>\n\n\n\n<div class=\"wp-block-column is-layout-flow wp-block-column-is-layout-flow\">\n<p><a href=\"https:\/\/stadtkapelle-gammertingen.de\/?page_id=1040\">Horn<\/a><\/p>\n<\/div>\n<\/div>\n\n\n\n<div class=\"wp-block-columns is-layout-flex wp-container-core-columns-is-layout-9d6595d7 wp-block-columns-is-layout-flex\">\n<div class=\"wp-block-column is-layout-flow wp-block-column-is-layout-flow\">\n<p><a href=\"https:\/\/stadtkapelle-gammertingen.de\/?page_id=1033\">Tenorhorn I Bariton <\/a><\/p>\n<\/div>\n\n\n\n<div class=\"wp-block-column is-layout-flow wp-block-column-is-layout-flow\">\n<p><a href=\"https:\/\/stadtkapelle-gammertingen.de\/?page_id=1037\">Posaune<\/a><\/p>\n<\/div>\n\n\n\n<div class=\"wp-block-column is-layout-flow wp-block-column-is-layout-flow\">\n<p><a href=\"https:\/\/stadtkapelle-gammertingen.de\/?page_id=1042\">Bass<\/a><\/p>\n<\/div>\n<\/div>\n\n\n\n<p><a href=\"https:\/\/stadtkapelle-gammertingen.de\/?page_id=1046\">Schlagzeug<\/a> <\/p>\n<\/div>\n<\/div>\n\n\n\n<hr class=\"wp-block-separator has-alpha-channel-opacity is-style-default\"\/>\n\n\n\n<p class=\"has-text-align-center\">Das sind WIR!<\/p>\n\n\n\n<figure class=\"wp-block-image size-full\"><img loading=\"lazy\" decoding=\"async\" width=\"1024\" height=\"768\" src=\"https:\/\/stadtkapelle-gammertingen.de\/wp-content\/uploads\/2023\/05\/WhatsApp-Image-2023-05-06-at-15.24.59.jpeg\" alt=\"\" class=\"wp-image-207\" srcset=\"https:\/\/stadtkapelle-gammertingen.de\/wp-content\/uploads\/2023\/05\/WhatsApp-Image-2023-05-06-at-15.24.59.jpeg 1024w, https:\/\/stadtkapelle-gammertingen.de\/wp-content\/uploads\/2023\/05\/WhatsApp-Image-2023-05-06-at-15.24.59-300x225.jpeg 300w, https:\/\/stadtkapelle-gammertingen.de\/wp-content\/uploads\/2023\/05\/WhatsApp-Image-2023-05-06-at-15.24.59-768x576.jpeg 768w\" sizes=\"auto, (max-width: 1024px) 100vw, 1024px\" \/><\/figure>\n\n\n\n<hr class=\"wp-block-separator has-alpha-channel-opacity\"\/>\n\n\n\n<p>Geschichte der Stadtkapelle Gammertingen (folgt) <\/p>\n","protected":false},"excerpt":{"rendered":"<p>Dirigent I Thomas Zacharias Fahnentr\u00e4ger I Jens Straubinger Querfl\u00f6te Klarinette I Oboe Saxophon Fl\u00fcgelhorn Trompete Horn Tenorhorn I Bariton Posaune Bass Schlagzeug Das sind WIR! Geschichte der Stadtkapelle Gammertingen (folgt)<\/p>\n","protected":false},"author":1,"featured_media":0,"parent":0,"menu_order":0,"comment_status":"closed","ping_status":"closed","template":"","meta":{"_price":"","_stock":"","_tribe_ticket_header":"","_tribe_default_ticket_provider":"","_tribe_ticket_capacity":"0","_ticket_start_date":"","_ticket_end_date":"","_tribe_ticket_show_description":"","_tribe_ticket_show_not_going":false,"_tribe_ticket_use_global_stock":"","_tribe_ticket_global_stock_level":"","_global_stock_mode":"","_global_stock_cap":"","_tribe_rsvp_for_event":"","_tribe_ticket_going_count":"","_tribe_ticket_not_going_count":"","_tribe_tickets_list":"[]","_tribe_ticket_has_attendee_info_fields":false,"footnotes":"","_tec_slr_enabled":"","_tec_slr_layout":""},"wf_page_folders":[7],"class_list":["post-119","page","type-page","status-publish"],"jetpack_sharing_enabled":true,"ticketed":false,"_links":{"self":[{"href":"https:\/\/stadtkapelle-gammertingen.de\/index.php?rest_route=\/wp\/v2\/pages\/119","targetHints":{"allow":["GET"]}}],"collection":[{"href":"https:\/\/stadtkapelle-gammertingen.de\/index.php?rest_route=\/wp\/v2\/pages"}],"about":[{"href":"https:\/\/stadtkapelle-gammertingen.de\/index.php?rest_route=\/wp\/v2\/types\/page"}],"author":[{"embeddable":true,"href":"https:\/\/stadtkapelle-gammertingen.de\/index.php?rest_route=\/wp\/v2\/users\/1"}],"replies":[{"embeddable":true,"href":"https:\/\/stadtkapelle-gammertingen.de\/index.php?rest_route=%2Fwp%2Fv2%2Fcomments&post=119"}],"version-history":[{"count":23,"href":"https:\/\/stadtkapelle-gammertingen.de\/index.php?rest_route=\/wp\/v2\/pages\/119\/revisions"}],"predecessor-version":[{"id":1052,"href":"https:\/\/stadtkapelle-gammertingen.de\/index.php?rest_route=\/wp\/v2\/pages\/119\/revisions\/1052"}],"wp:attachment":[{"href":"https:\/\/stadtkapelle-gammertingen.de\/index.php?rest_route=%2Fwp%2Fv2%2Fmedia&parent=119"}],"wp:term":[{"taxonomy":"wf_page_folders","embeddable":true,"href":"https:\/\/stadtkapelle-gammertingen.de\/index.php?rest_route=%2Fwp%2Fv2%2Fwf_page_folders&post=119"}],"curies":[{"name":"wp","href":"https:\/\/api.w.org\/{rel}","templated":true}]}}

<hr class="wp-block-separator has-alpha-channel-opacity"/>



<div class="wp-block-columns is-layout-flex wp-container-core-columns-is-layout-9d6595d7 wp-block-columns-is-layout-flex">
<div class="wp-block-column is-layout-flow wp-block-column-is-layout-flow" style="flex-basis:100%">
<div class="wp-block-columns is-layout-flex wp-container-core-columns-is-layout-9d6595d7 wp-block-columns-is-layout-flex">
<div class="wp-block-column is-layout-flow wp-block-column-is-layout-flow">
<p><strong>Dirigent</strong> I <a href="https://stadtkapelle-gammertingen.de/wp-content/uploads/2023/04/b3ea7263-133d-44fc-916e-5542389dfc44.jpg">Thomas Zacharias</a></p>
</div>



<div class="wp-block-column is-layout-flow wp-block-column-is-layout-flow">
<p><strong>Fahnenträger</strong> I Jens Straubinger </p>
</div>
</div>



<div class="wp-block-columns is-layout-flex wp-container-core-columns-is-layout-9d6595d7 wp-block-columns-is-layout-flex">
<div class="wp-block-column is-layout-flow wp-block-column-is-layout-flow">
<p><a href="https://stadtkapelle-gammertingen.de/?page_id=1026">Querflöte</a></p>
</div>



<div class="wp-block-column is-layout-flow wp-block-column-is-layout-flow">
<p><a href="https://stadtkapelle-gammertingen.de/?page_id=1028" data-type="page" data-id="1028">Klarinette I Oboe</a></p>
</div>



<div class="wp-block-column is-layout-flow wp-block-column-is-layout-flow">
<p><a href="https://stadtkapelle-gammertingen.de/?page_id=1044">Saxophon</a></p>
</div>
</div>



<div class="wp-block-columns is-layout-flex wp-container-core-columns-is-layout-9d6595d7 wp-block-columns-is-layout-flex">
<div class="wp-block-column is-layout-flow wp-block-column-is-layout-flow">
<p><a href="https://stadtkapelle-gammertingen.de/?page_id=1031">Flügelhorn</a></p>
</div>



<div class="wp-block-column is-layout-flow wp-block-column-is-layout-flow">
<p><a href="https://stadtkapelle-gammertingen.de/?page_id=1035">Trompete</a></p>
</div>



<div class="wp-block-column is-layout-flow wp-block-column-is-layout-flow">
<p><a href="https://stadtkapelle-gammertingen.de/?page_id=1040">Horn</a></p>
</div>
</div>



<div class="wp-block-columns is-layout-flex wp-container-core-columns-is-layout-9d6595d7 wp-block-columns-is-layout-flex">
<div class="wp-block-column is-layout-flow wp-block-column-is-layout-flow">
<p><a href="https://stadtkapelle-gammertingen.de/?page_id=1033">Tenorhorn I Bariton </a></p>
</div>



<div class="wp-block-column is-layout-flow wp-block-column-is-layout-flow">
<p><a href="https://stadtkapelle-gammertingen.de/?page_id=1037">Posaune</a></p>
</div>



<div class="wp-block-column is-layout-flow wp-block-column-is-layout-flow">
<p><a href="https://stadtkapelle-gammertingen.de/?page_id=1042">Bass</a></p>
</div>
</div>



<p><a href="https://stadtkapelle-gammertingen.de/?page_id=1046">Schlagzeug</a> </p>
</div>
</div>



<hr class="wp-block-separator has-alpha-channel-opacity is-style-default"/>



<p class="has-text-align-center">Das sind WIR!</p>



<figure class="wp-block-image size-full"><img loading="lazy" decoding="async" width="1024" height="768" src="https://stadtkapelle-gammertingen.de/wp-content/uploads/2023/05/WhatsApp-Image-2023-05-06-at-15.24.59.jpeg" alt="" class="wp-image-207" srcset="https://stadtkapelle-gammertingen.de/wp-content/uploads/2023/05/WhatsApp-Image-2023-05-06-at-15.24.59.jpeg 1024w, https://stadtkapelle-gammertingen.de/wp-content/uploads/2023/05/WhatsApp-Image-2023-05-06-at-15.24.59-300x225.jpeg 300w, https://stadtkapelle-gammertingen.de/wp-content/uploads/2023/05/WhatsApp-Image-2023-05-06-at-15.24.59-768x576.jpeg 768w" sizes="auto, (max-width: 1024px) 100vw, 1024px" /></figure>



<hr class="wp-block-separator has-alpha-channel-opacity"/>



<p>Geschichte der Stadtkapelle Gammertingen (folgt) </p>

<p>Dirigent I Thomas Zacharias Fahnenträger I Jens Straubinger Querflöte Klarinette I Oboe Saxophon Flügelhorn Trompete Horn Tenorhorn I Bariton Posaune Bass Schlagzeug Das sind WIR! Geschichte der Stadtkapelle Gammertingen (folgt)</p>
