{"id":4,"date":"2023-03-17T14:22:44","date_gmt":"2023-03-17T14:22:44","guid":{"rendered":"https:\/\/stadtkapelle-gammertingen.de\/?page_id=4"},"modified":"2026-03-28T10:59:33","modified_gmt":"2026-03-28T10:59:33","slug":"willkommen-auf-https-stadtkapelle-gammertingen-de","status":"publish","type":"page","link":"https:\/\/stadtkapelle-gammertingen.de\/","title":{"rendered":"Aktuelles"},"content":{"rendered":"\n<p>\ud83d\udd6f\ufe0f\ud83d\udda4\ud83d\ude4f<\/p>\n\n\n\n<figure class=\"wp-block-image size-full is-resized\"><img loading=\"lazy\" decoding=\"async\" width=\"583\" height=\"934\" src=\"https:\/\/stadtkapelle-gammertingen.de\/wp-content\/uploads\/2026\/03\/PHOTO-2026-03-09-17-19-46.jpg\" alt=\"\" class=\"wp-image-1312\" style=\"width:360px;height:auto\" srcset=\"https:\/\/stadtkapelle-gammertingen.de\/wp-content\/uploads\/2026\/03\/PHOTO-2026-03-09-17-19-46.jpg 583w, https:\/\/stadtkapelle-gammertingen.de\/wp-content\/uploads\/2026\/03\/PHOTO-2026-03-09-17-19-46-187x300.jpg 187w\" sizes=\"auto, (max-width: 583px) 100vw, 583px\" \/><\/figure>\n\n\n\n<hr class=\"wp-block-separator has-alpha-channel-opacity\"\/>\n\n\n\n<p class=\"has-text-align-left\" style=\"font-size:23px;font-style:normal;font-weight:300\">Dreik\u00f6nigskonzert 2026<\/p>\n\n\n<div class=\"wp-block-image\">\n<figure class=\"aligncenter size-large is-resized\"><img loading=\"lazy\" decoding=\"async\" width=\"1024\" height=\"576\" src=\"https:\/\/stadtkapelle-gammertingen.de\/wp-content\/uploads\/2026\/01\/PHOTO-2026-01-06-00-22-24-1024x576.jpg\" alt=\"\" class=\"wp-image-1278\" style=\"width:476px;height:auto\" srcset=\"https:\/\/stadtkapelle-gammertingen.de\/wp-content\/uploads\/2026\/01\/PHOTO-2026-01-06-00-22-24-1024x576.jpg 1024w, https:\/\/stadtkapelle-gammertingen.de\/wp-content\/uploads\/2026\/01\/PHOTO-2026-01-06-00-22-24-300x169.jpg 300w, https:\/\/stadtkapelle-gammertingen.de\/wp-content\/uploads\/2026\/01\/PHOTO-2026-01-06-00-22-24-768x432.jpg 768w, https:\/\/stadtkapelle-gammertingen.de\/wp-content\/uploads\/2026\/01\/PHOTO-2026-01-06-00-22-24-1536x864.jpg 1536w, https:\/\/stadtkapelle-gammertingen.de\/wp-content\/uploads\/2026\/01\/PHOTO-2026-01-06-00-22-24-1320x743.jpg 1320w, https:\/\/stadtkapelle-gammertingen.de\/wp-content\/uploads\/2026\/01\/PHOTO-2026-01-06-00-22-24.jpg 1600w\" sizes=\"auto, (max-width: 1024px) 100vw, 1024px\" \/><\/figure>\n<\/div>\n\n\n<div class=\"wp-block-columns is-layout-flex wp-container-core-columns-is-layout-9d6595d7 wp-block-columns-is-layout-flex\">\n<div class=\"wp-block-column is-layout-flow wp-block-column-is-layout-flow\">\n<p><\/p>\n\n\n\n<p class=\"has-text-align-center\">Zeitungsartikel Schw\u00e4bische <\/p>\n<\/div>\n\n\n\n<div class=\"wp-block-column is-layout-flow wp-block-column-is-layout-flow\">\n<p><\/p>\n\n\n\n<p class=\"has-text-align-center\">Zeitungsartikel GEA<\/p>\n<\/div>\n<\/div>\n\n\n\n<hr class=\"wp-block-separator has-alpha-channel-opacity\"\/>\n\n\n\n<div class=\"wp-block-columns is-layout-flex wp-container-core-columns-is-layout-9d6595d7 wp-block-columns-is-layout-flex\">\n<div class=\"wp-block-column is-layout-flow wp-block-column-is-layout-flow\">\n<h2 class=\"wp-block-heading\" style=\"font-size:23px;font-style:normal;font-weight:300\">\u201eDieses Projekt wird gef\u00f6rdert durch die LEADER-Aktionsgruppe Mittlere Alb mit Mitteln des Landes Baden-W\u00fcrttemberg und der LEADER-Aktionsgruppe.\u201c<\/h2>\n\n\n\n<div class=\"wp-block-columns is-layout-flex wp-container-core-columns-is-layout-9d6595d7 wp-block-columns-is-layout-flex\">\n<div class=\"wp-block-column is-layout-flow wp-block-column-is-layout-flow\">\n<figure class=\"wp-block-image size-full\"><img loading=\"lazy\" decoding=\"async\" width=\"759\" height=\"319\" src=\"https:\/\/stadtkapelle-gammertingen.de\/wp-content\/uploads\/2024\/11\/3b_Logo-BW_Ministerium-fuer-Ernaehrung-Laendlichen-Raum-und-Verbraucherschutz-1.png\" alt=\"\" class=\"wp-image-981\" srcset=\"https:\/\/stadtkapelle-gammertingen.de\/wp-content\/uploads\/2024\/11\/3b_Logo-BW_Ministerium-fuer-Ernaehrung-Laendlichen-Raum-und-Verbraucherschutz-1.png 759w, https:\/\/stadtkapelle-gammertingen.de\/wp-content\/uploads\/2024\/11\/3b_Logo-BW_Ministerium-fuer-Ernaehrung-Laendlichen-Raum-und-Verbraucherschutz-1-300x126.png 300w\" sizes=\"auto, (max-width: 759px) 100vw, 759px\" \/><\/figure>\n<\/div>\n\n\n\n<div class=\"wp-block-column is-layout-flow wp-block-column-is-layout-flow\">\n<figure class=\"wp-block-image size-large\"><img loading=\"lazy\" decoding=\"async\" width=\"1024\" height=\"376\" src=\"https:\/\/stadtkapelle-gammertingen.de\/wp-content\/uploads\/2024\/11\/rz_leader-mittlere-alb_logo-1024x376.jpg\" alt=\"\" class=\"wp-image-982\" srcset=\"https:\/\/stadtkapelle-gammertingen.de\/wp-content\/uploads\/2024\/11\/rz_leader-mittlere-alb_logo-1024x376.jpg 1024w, https:\/\/stadtkapelle-gammertingen.de\/wp-content\/uploads\/2024\/11\/rz_leader-mittlere-alb_logo-300x110.jpg 300w, https:\/\/stadtkapelle-gammertingen.de\/wp-content\/uploads\/2024\/11\/rz_leader-mittlere-alb_logo-768x282.jpg 768w, https:\/\/stadtkapelle-gammertingen.de\/wp-content\/uploads\/2024\/11\/rz_leader-mittlere-alb_logo-1536x564.jpg 1536w, https:\/\/stadtkapelle-gammertingen.de\/wp-content\/uploads\/2024\/11\/rz_leader-mittlere-alb_logo-2048x752.jpg 2048w, https:\/\/stadtkapelle-gammertingen.de\/wp-content\/uploads\/2024\/11\/rz_leader-mittlere-alb_logo-1320x485.jpg 1320w\" sizes=\"auto, (max-width: 1024px) 100vw, 1024px\" \/><\/figure>\n<\/div>\n<\/div>\n<\/div>\n<\/div>\n\n\n\n<p style=\"font-size:15px;font-style:normal;font-weight:200\">Die Stadtkapelle Gammertingen hat dieses Jahr das besondere Gl\u00fcck, \u00fcber das LEADER-Programm eine F\u00f6rderung zu erhalten. Dieses F\u00f6rderprogramm dient der St\u00e4rkung und Weiterentwicklung des l\u00e4ndlichen Raums in Baden-W\u00fcrttemberg. Dabei werden verschiedene Projekte mit EU- und Landes-Mitteln finanziell unterst\u00fctzt. Bereits im Juni haben wir unseren Antrag zur Weiterentwicklung der Stadtkapelle eingereicht, hierbei ging es uns vor allem darum, die Jugendarbeit zu sichern, Ausstattung und Instrumente aufzustocken und das Erscheinungsbild zu verbessern. Nachdem wir die Zusage \u00fcber die F\u00f6rderung erhalten hatten, konnte in den letzten Wochen einiges angeschafft werden: Neue Instrumente f\u00fcr die Jugendausbildung und im Percussion-Bereich, einheitliche Hemden und Blusen f\u00fcr die Musiker und neue Notenst\u00e4nder f\u00fcr Auftritte. 80% der Kosten werden hierf\u00fcr \u00fcber das LEADER-Programm gedeckt, die Stadtkapelle tr\u00e4gt einen Eigenanteil von 20%. Wir freuen uns sehr, mit dem neu erworbenen Equipment die Vereinsarbeit weiter voranbringen zu k\u00f6nnen!<\/p>\n","protected":false},"excerpt":{"rendered":"<p>\ud83d\udd6f\ufe0f\ud83d\udda4\ud83d\ude4f Dreik\u00f6nigskonzert 2026 Zeitungsartikel Schw\u00e4bische Zeitungsartikel GEA \u201eDieses Projekt wird gef\u00f6rdert durch die LEADER-Aktionsgruppe Mittlere Alb mit Mitteln des Landes Baden-W\u00fcrttemberg und der LEADER-Aktionsgruppe.\u201c Die Stadtkapelle Gammertingen hat dieses Jahr &#8230; <a title=\"Aktuelles\" class=\"read-more\" href=\"https:\/\/stadtkapelle-gammertingen.de\/\" aria-label=\"Mehr Informationen \u00fcber Aktuelles\">Weiterlesen<\/a><\/p>\n","protected":false},"author":1,"featured_media":0,"parent":0,"menu_order":0,"comment_status":"closed","ping_status":"open","template":"","meta":{"_price":"","_stock":"","_tribe_ticket_header":"","_tribe_default_ticket_provider":"TEC\\Tickets\\Commerce\\Module","_tribe_ticket_capacity":"","_ticket_start_date":"","_ticket_end_date":"","_tribe_ticket_show_description":"","_tribe_ticket_show_not_going":false,"_tribe_ticket_use_global_stock":"","_tribe_ticket_global_stock_level":"","_global_stock_mode":"","_global_stock_cap":"","_tribe_rsvp_for_event":"","_tribe_ticket_going_count":"","_tribe_ticket_not_going_count":"","_tribe_tickets_list":"[{\"id\":1210,\"type\":\"default\",\"title\":\"No Change\",\"description\":\"\",\"capacityType\":\"unlimited\",\"price\":\"10\",\"capacity\":\"\",\"available\":-1,\"sharedCapacity\":\"\",\"sold\":0,\"shareSold\":0,\"isShared\":true,\"currencyDecimalPoint\":\".\",\"currencyNumberOfDecimals\":2,\"currencyPosition\":\"postfix\",\"currencySymbol\":\"\\u20ac\",\"currencyThousandsSep\":\",\"}]","_tribe_ticket_has_attendee_info_fields":false,"footnotes":"","_tec_slr_enabled":"","_tec_slr_layout":""},"wf_page_folders":[],"class_list":["post-4","page","type-page","status-publish"],"jetpack_sharing_enabled":true,"ticketed":["tc"],"_links":{"self":[{"href":"https:\/\/stadtkapelle-gammertingen.de\/index.php?rest_route=\/wp\/v2\/pages\/4","targetHints":{"allow":["GET"]}}],"collection":[{"href":"https:\/\/stadtkapelle-gammertingen.de\/index.php?rest_route=\/wp\/v2\/pages"}],"about":[{"href":"https:\/\/stadtkapelle-gammertingen.de\/index.php?rest_route=\/wp\/v2\/types\/page"}],"author":[{"embeddable":true,"href":"https:\/\/stadtkapelle-gammertingen.de\/index.php?rest_route=\/wp\/v2\/users\/1"}],"replies":[{"embeddable":true,"href":"https:\/\/stadtkapelle-gammertingen.de\/index.php?rest_route=%2Fwp%2Fv2%2Fcomments&post=4"}],"version-history":[{"count":91,"href":"https:\/\/stadtkapelle-gammertingen.de\/index.php?rest_route=\/wp\/v2\/pages\/4\/revisions"}],"predecessor-version":[{"id":1317,"href":"https:\/\/stadtkapelle-gammertingen.de\/index.php?rest_route=\/wp\/v2\/pages\/4\/revisions\/1317"}],"wp:attachment":[{"href":"https:\/\/stadtkapelle-gammertingen.de\/index.php?rest_route=%2Fwp%2Fv2%2Fmedia&parent=4"}],"wp:term":[{"taxonomy":"wf_page_folders","embeddable":true,"href":"https:\/\/stadtkapelle-gammertingen.de\/index.php?rest_route=%2Fwp%2Fv2%2Fwf_page_folders&post=4"}],"curies":[{"name":"wp","href":"https:\/\/api.w.org\/{rel}","templated":true}]}}

<p>🕯️🖤🙏</p>



<figure class="wp-block-image size-full is-resized"><img loading="lazy" decoding="async" width="583" height="934" src="https://stadtkapelle-gammertingen.de/wp-content/uploads/2026/03/PHOTO-2026-03-09-17-19-46.jpg" alt="" class="wp-image-1312" style="width:360px;height:auto" srcset="https://stadtkapelle-gammertingen.de/wp-content/uploads/2026/03/PHOTO-2026-03-09-17-19-46.jpg 583w, https://stadtkapelle-gammertingen.de/wp-content/uploads/2026/03/PHOTO-2026-03-09-17-19-46-187x300.jpg 187w" sizes="auto, (max-width: 583px) 100vw, 583px" /></figure>



<hr class="wp-block-separator has-alpha-channel-opacity"/>



<p class="has-text-align-left" style="font-size:23px;font-style:normal;font-weight:300">Dreikönigskonzert 2026</p>


<div class="wp-block-image">
<figure class="aligncenter size-large is-resized"><img loading="lazy" decoding="async" width="1024" height="576" src="https://stadtkapelle-gammertingen.de/wp-content/uploads/2026/01/PHOTO-2026-01-06-00-22-24-1024x576.jpg" alt="" class="wp-image-1278" style="width:476px;height:auto" srcset="https://stadtkapelle-gammertingen.de/wp-content/uploads/2026/01/PHOTO-2026-01-06-00-22-24-1024x576.jpg 1024w, https://stadtkapelle-gammertingen.de/wp-content/uploads/2026/01/PHOTO-2026-01-06-00-22-24-300x169.jpg 300w, https://stadtkapelle-gammertingen.de/wp-content/uploads/2026/01/PHOTO-2026-01-06-00-22-24-768x432.jpg 768w, https://stadtkapelle-gammertingen.de/wp-content/uploads/2026/01/PHOTO-2026-01-06-00-22-24-1536x864.jpg 1536w, https://stadtkapelle-gammertingen.de/wp-content/uploads/2026/01/PHOTO-2026-01-06-00-22-24-1320x743.jpg 1320w, https://stadtkapelle-gammertingen.de/wp-content/uploads/2026/01/PHOTO-2026-01-06-00-22-24.jpg 1600w" sizes="auto, (max-width: 1024px) 100vw, 1024px" /></figure>
</div>


<div class="wp-block-columns is-layout-flex wp-container-core-columns-is-layout-9d6595d7 wp-block-columns-is-layout-flex">
<div class="wp-block-column is-layout-flow wp-block-column-is-layout-flow">
<p></p>



<p class="has-text-align-center">Zeitungsartikel Schwäbische </p>
</div>



<div class="wp-block-column is-layout-flow wp-block-column-is-layout-flow">
<p></p>



<p class="has-text-align-center">Zeitungsartikel GEA</p>
</div>
</div>



<hr class="wp-block-separator has-alpha-channel-opacity"/>



<div class="wp-block-columns is-layout-flex wp-container-core-columns-is-layout-9d6595d7 wp-block-columns-is-layout-flex">
<div class="wp-block-column is-layout-flow wp-block-column-is-layout-flow">
<h2 class="wp-block-heading" style="font-size:23px;font-style:normal;font-weight:300">„Dieses Projekt wird gefördert durch die LEADER-Aktionsgruppe Mittlere Alb mit Mitteln des Landes Baden-Württemberg und der LEADER-Aktionsgruppe.“</h2>



<div class="wp-block-columns is-layout-flex wp-container-core-columns-is-layout-9d6595d7 wp-block-columns-is-layout-flex">
<div class="wp-block-column is-layout-flow wp-block-column-is-layout-flow">
<figure class="wp-block-image size-full"><img loading="lazy" decoding="async" width="759" height="319" src="https://stadtkapelle-gammertingen.de/wp-content/uploads/2024/11/3b_Logo-BW_Ministerium-fuer-Ernaehrung-Laendlichen-Raum-und-Verbraucherschutz-1.png" alt="" class="wp-image-981" srcset="https://stadtkapelle-gammertingen.de/wp-content/uploads/2024/11/3b_Logo-BW_Ministerium-fuer-Ernaehrung-Laendlichen-Raum-und-Verbraucherschutz-1.png 759w, https://stadtkapelle-gammertingen.de/wp-content/uploads/2024/11/3b_Logo-BW_Ministerium-fuer-Ernaehrung-Laendlichen-Raum-und-Verbraucherschutz-1-300x126.png 300w" sizes="auto, (max-width: 759px) 100vw, 759px" /></figure>
</div>



<div class="wp-block-column is-layout-flow wp-block-column-is-layout-flow">
<figure class="wp-block-image size-large"><img loading="lazy" decoding="async" width="1024" height="376" src="https://stadtkapelle-gammertingen.de/wp-content/uploads/2024/11/rz_leader-mittlere-alb_logo-1024x376.jpg" alt="" class="wp-image-982" srcset="https://stadtkapelle-gammertingen.de/wp-content/uploads/2024/11/rz_leader-mittlere-alb_logo-1024x376.jpg 1024w, https://stadtkapelle-gammertingen.de/wp-content/uploads/2024/11/rz_leader-mittlere-alb_logo-300x110.jpg 300w, https://stadtkapelle-gammertingen.de/wp-content/uploads/2024/11/rz_leader-mittlere-alb_logo-768x282.jpg 768w, https://stadtkapelle-gammertingen.de/wp-content/uploads/2024/11/rz_leader-mittlere-alb_logo-1536x564.jpg 1536w, https://stadtkapelle-gammertingen.de/wp-content/uploads/2024/11/rz_leader-mittlere-alb_logo-2048x752.jpg 2048w, https://stadtkapelle-gammertingen.de/wp-content/uploads/2024/11/rz_leader-mittlere-alb_logo-1320x485.jpg 1320w" sizes="auto, (max-width: 1024px) 100vw, 1024px" /></figure>
</div>
</div>
</div>
</div>



<p style="font-size:15px;font-style:normal;font-weight:200">Die Stadtkapelle Gammertingen hat dieses Jahr das besondere Glück, über das LEADER-Programm eine Förderung zu erhalten. Dieses Förderprogramm dient der Stärkung und Weiterentwicklung des ländlichen Raums in Baden-Württemberg. Dabei werden verschiedene Projekte mit EU- und Landes-Mitteln finanziell unterstützt. Bereits im Juni haben wir unseren Antrag zur Weiterentwicklung der Stadtkapelle eingereicht, hierbei ging es uns vor allem darum, die Jugendarbeit zu sichern, Ausstattung und Instrumente aufzustocken und das Erscheinungsbild zu verbessern. Nachdem wir die Zusage über die Förderung erhalten hatten, konnte in den letzten Wochen einiges angeschafft werden: Neue Instrumente für die Jugendausbildung und im Percussion-Bereich, einheitliche Hemden und Blusen für die Musiker und neue Notenständer für Auftritte. 80% der Kosten werden hierfür über das LEADER-Programm gedeckt, die Stadtkapelle trägt einen Eigenanteil von 20%. Wir freuen uns sehr, mit dem neu erworbenen Equipment die Vereinsarbeit weiter voranbringen zu können!</p>

<p>🕯️🖤🙏 Dreikönigskonzert 2026 Zeitungsartikel Schwäbische Zeitungsartikel GEA „Dieses Projekt wird gefördert durch die LEADER-Aktionsgruppe Mittlere Alb mit Mitteln des Landes Baden-Württemberg und der LEADER-Aktionsgruppe.“ Die Stadtkapelle Gammertingen hat dieses Jahr &#8230; <a title="Aktuelles" class="read-more" href="https://stadtkapelle-gammertingen.de/" aria-label="Mehr Informationen über Aktuelles">Weiterlesen</a></p>
